 + 64. What is the hundreds digit of y(-6)?
7
Let i(q) = -24*q**3 - 20*q**2 - 17*q + 8. Let b(p) = 8*p**3 + 7*p**2 + 6*p - 3. Let x(g) = 11*b(g) + 4*i(g). What is the units digit of x(-2)?
5
What is the tens digit of (-1036)/((-32)/8) - 0?
5
Let u = -2 + 4. Let m be (-6)/u - (-4 - -1). Suppose m = -2*w + 3*n + 69, 3*w - 2*n + 28 - 124 = 0. What is the units digit of w?
0
Suppose -5*k = s - 3264, -2*k - 4*s - 1288 = -4*k. What is the units digit of k?
2
Suppose 15 = -2*u + 5*u. Suppose g - 2*j = -30 - u, -4*g + 2*j = 122. Let y = g + 52. What is the units digit of y?
3
Let u(d) = 2*d**3 - 3*d**2 + 5*d. Let s be u(4). Let c(g) = g + 11. Let b be c(-7). What is the tens digit of s/b + -4 + 1?
2
Suppose -1144 = -g - r, 3*r = -g + 8*r + 1138. What is the hundreds digit of g?
1
Let s(g) = g**2 + 7*g - 3. Let w = 9 + -5. Suppose -b = w*b + 40. What is the units digit of s(b)?
5
Let l be 40/7 + 6/21. Let u(x) = x**2 - 4*x - 6. Let w be u(l). Suppose -w*f - 15 = -11*f. What is the units digit of f?
3
Let d(g) = g**2 - 3*g - 3. Let s be d(5). Let l(v) = 20*v**2 + 9*v + 13*v**2 + 7 - 34*v**2. What is the tens digit of l(s)?
2
Let v = 10383 - 4658. What is the units digit of v?
5
What is the units digit of ((-362)/6)/(8/480*-5)?
4
Let c = 245 + -7. What is the tens digit of c?
3
Suppose v - 5*h - 9 = 0, -v = -6*v - 3*h + 73. Let y = -9 + v. What is the units digit of y?
5
Let a(u) = u**3 - 8*u**2 - 9*u - 3. Let g be a(9). What is the tens digit of (-263)/g - 1/(-3)?
8
What is the tens digit of (-7 - (-28698)/6) + -2?
7
Let r = -5518 + 9489. What is the tens digit of r?
7
Let n = 1225 + -827. What is the units digit of n?
8
Let b(y) = -9*y + 10. Let o be b(-8). Let c = o - 56. What is the units digit of c?
6
Suppose -3*x = 6*s - s - 23, 0 = 4*x - 3*s + 8. Let p = x + 2. Suppose 2*o = p*w - w - 10, 5*w - 26 = 4*o. What is the units digit of w?
6
Let z(k) = -9*k + 4*k**3 + 11*k + 47 - 49. Suppose 3*r + 4*s - 9 + 23 = 0, 22 = r - 4*s. What is the units digit of z(r)?
4
Let s = 38 - -58. Suppose -u - 9 = -s. What is the units digit of u?
7
Let i(a) = 40*a + 98. What is the hundreds digit of i(12)?
5
Let p be 0/(2 + 12/(-4)). Suppose p = -q + 4*k + 26, -q + k + 12 = -17. Suppose -2*h = -100 + q. What is the units digit of h?
5
Suppose 0 = 5*k + p + 185, 5*k + 185 = p + 2*p. Let x = k + 61. What is the tens digit of (-110)/(-8) + 6/x?
1
Let r be (8/4)/(0 - 0 - -1). Suppose f - 258 = -r*f. What is the tens digit of f?
8
Suppose -4*q + 8 + 180 = 0. Let z(f) = -6*f + 217. Let j be z(34). Let o = q + j. What is the tens digit of o?
6
Suppose 2736 + 5016 = 17*h. What is the units digit of h?
6
Let p(v) = 7*v + 13. Let m(s) = -7*s - 14. Let j(y) = 133*y + 266. Let l(f) = 3*j(f) + 56*m(f). Let q(o) = 3*l(o) - 4*p(o). What is the units digit of q(-4)?
8
Let n = 5 + 12. Suppose 2 = -3*u + n. Let c(s) = 13*s + 6. What is the tens digit of c(u)?
7
Let y be (-2)/7 + (-44)/(-7). Let d be -30*(-2)/(y + 0). Suppose 2*n + d - 54 = 0. What is the tens digit of n?
2
Suppose -7*i = -4*i + 6. What is the tens digit of 585/27 - i/6?
2
Suppose -4*h = 2*i - 4*i + 12, -2*i + 3*h + 8 = 0. What is the units digit of 2*(34 - (-4 - i))?
2
Let h = -484 + 883. Suppose -z - 2*z + 4*a + h = 0, -z + 4*a + 141 = 0. What is the tens digit of z?
2
Let l = 443 - 268. What is the units digit of l?
5
Let v(i) = i**2 + 7*i + 5. Let p be v(-7). Let a(f) = -8 - 63*f + 1 + 70*f. What is the units digit of a(p)?
8
Suppose -2*t - t + 5*f = -201, -5*f = 2*t - 159. Suppose -x = -t - 43. What is the hundreds digit of x?
1
Suppose -5*q + 3514 = -g, -2*g = -q - 3*q + 2816. What is the tens digit of q?
0
Suppose -22 - 2 = -3*c. Suppose -c*g + 40 = -3*g. What is the tens digit of (-4 - 0) + 8*g?
6
What is the hundreds digit of 238/1071 - (-8780)/18?
4
Let i(h) = -15*h**3 + 4*h**2 + 14*h + 11. What is the tens digit of i(-3)?
1
Let x be (-3 - (-578)/(-4)) + 4/8. Let s = x + 252. What is the hundreds digit of s?
1
Let y be (85 - 2)/(-3 - -2). Let z be -2 - -3 - (-4 - y). Let b = z + 128. What is the units digit of b?
0
Let h = 193 + -24. What is the units digit of h?
9
Suppose 3*d + 1023 = 4*z, 3*z + 0*z - 789 = -5*d. What is the hundreds digit of z?
2
Let z = 123 + 101. What is the units digit of z?
4
Let h(m) = 7*m + 4. Let t be h(10). Suppose -t = 2*w - 3*w + 3*q, w = -q + 86. What is the tens digit of w?
8
Suppose -21*f = -146264 + 39416. What is the tens digit of f?
8
Let f(o) be the first derivative of -o**2 + 12*o + 1. Let r(a) = -a + 2. Let c be r(-3). What is the units digit of f(c)?
2
Let l = 23 - 21. Let y(p) = -2*p**2 + 3*p + 3. Let f(r) = -3*r**2 + 3*r + 2. Let q(t) = -5*f(t) + 4*y(t). What is the units digit of q(l)?
4
Suppose 0 = -4*a + a, 0 = 2*k + 4*a - 86. What is the tens digit of k?
4
Suppose 0 = -4*q + 2*x + 10818, -169*q - 5*x = -164*q - 13485. What is the units digit of q?
2
Let r = 317 - -3116. What is the units digit of r?
3
Suppose 5*z + 11 = 46. Suppose -z*x + 2*x = -25. Suppose -d + 55 = 4*d + 5*b, -x*b + 23 = d. What is the units digit of d?
8
Suppose 3*a + 3 = 18. Suppose -5*y + 4*p - 3*p = 0, a*p = -5*y. What is the units digit of 1*(y + (-177)/(-3))?
9
Let n(t) = t**3 - 19*t**2 + 15*t + 107. What is the units digit of n(18)?
3
Let z(k) = 2*k**2 + 13*k + 17. Let c be z(-9). What is the units digit of c*(3 - 5/2)?
1
Suppose 4*b - 4*u = -b + 8, 0 = u + 2. Let v be (2 - 6)*(b + -5). Suppose 4*a = 4*z - 0*a - 4, 4*a = v. What is the units digit of z?
6
Let m be (-4)/((-100)/(-15))*-5. Suppose -m*o = -7*o + 232. What is the units digit of o?
8
Suppose -p + 1645 = 5*n, 28*n - 3*p + 329 = 29*n. What is the units digit of n?
9
Let m(r) = -1. Let d(h) = 20*h**2 + h + 5. Let u(w) = d(w) + 2*m(w). What is the units digit of u(-2)?
1
Let s = -27 - -31. Suppose 4 = s*f, -4*x + 0*f + 24 = 4*f. What is the tens digit of -4 + 42 - (x - 1)?
3
Suppose -u - 4*u = -635. Let w be 2/3*3/(-2) + -62. Let y = u + w. What is the units digit of y?
4
What is the tens digit of (-2*1/4)/(30/(-840))?
1
Let v(r) = 143*r**2 + 28*r - 49. What is the units digit of v(5)?
6
Suppose -133 = s - 133. Let u be ((-2)/1)/(4/(-50)). Suppose -k + u = -s*k. What is the tens digit of k?
2
Let q(t) = -90*t + 24. What is the hundreds digit of q(-3)?
2
Let h = -47 + 52. Suppose -h*o = 32 - 557. What is the hundreds digit of o?
1
Let y = -72 - -49. Let i = y + 84. What is the units digit of i?
1
Suppose 5*x = -2*q + 13918, -5*x - 24*q = -19*q - 13930. What is the units digit of x?
2
Let u be ((-3)/(-6))/((-10)/(-60)). Suppose 3*v - 23 - 58 = -h, -4*h = u*v - 81. What is the tens digit of v?
2
Let i(j) = 14*j + 19. Let c = -117 - -120. What is the units digit of i(c)?
1
Suppose 8*i - 687 = 5*i. What is the units digit of i?
9
Let v(u) = 162*u**2 - 9*u - 13 - 9*u - 163*u**2. What is the units digit of v(-13)?
2
Suppose -3*a - 5*l = -a - 106, 8 = 2*l. Suppose -4*w - 19 = 2*t - a, -27 = -5*w - t. What is the units digit of w?
5
Let x be (-12)/(-5) + (-12)/30. Suppose -x*a + 2*r = -6, -5*a = -4*a - 2*r - 3. Suppose a*c = 12 + 12. What is the units digit of c?
8
Let t(x) = -x**3 + 6*x**2 + x. Let v be t(6). Suppose v = -3*r + 12. Suppose g + 54 = q - r*g, 0 = -4*q - 4*g + 216. What is the units digit of q?
4
Let b = -1783 + 3665. What is the tens digit of b?
8
Suppose -4*p - 3*b = -39, 0 = -4*p + 5*b - 12 + 75. What is the tens digit of ((-156)/p)/((-2)/8)?
5
Let r(n) = 18*n**2 + 6*n + 6. Let x be r(-2). Suppose -5*q + 3*i + x = 0, i = -q - 2*q + 34. What is the tens digit of q?
1
Let m(r) = -4*r - 5. Let q be m(-2). Suppose q*d + 0*d = -2*o + 16, -4*o = -d + 10. What is the units digit of d/24 - 3/(-4)?
1
Let p = -330 - -465. Let m = p + -118. What is the units digit of m?
7
Let x(f) = f**2 + 2*f - 1. Let h be x(1). Let c be h/2 - 55/(-5). Suppose -4*k = c, -3*k = -d - 6*k + 3. What is the tens digit of d?
1
Let s = 21 + -29. Let x be 12*12/s*-1. What is the units digit of 3/x - (-295)/30?
0
Suppose 6*d - 3*d + 12 = 0. Let r(g) = -5*g**2 + 9*g + 5. Let o(w) = -w**2 + w + 1. Let h(y) = -6*o(y) + r(y). What is the units digit of h(d)?
3
Let w = -470 - -859. What is the units digit of w?
9
Let a(r) = 67*r**2 + 3*r - 4. Let i be a(2). Suppose 13*z = 8*z + i. Suppose y + 17 = z. What is the units digit of y?
7
Let a = 66 - 131. Let u = -7